{"id":1615,"date":"2026-05-11T16:41:16","date_gmt":"2026-05-11T16:41:16","guid":{"rendered":"https:\/\/powermode.bcardmexico.com\/?post_type=product&#038;p=1615"},"modified":"2026-05-12T18:45:53","modified_gmt":"2026-05-12T18:45:53","slug":"playera-manchester","status":"publish","type":"product","link":"https:\/\/powermode.bcardmexico.com\/?product=playera-manchester","title":{"rendered":"Playera Manchester"},"content":{"rendered":"<p>\u00a1Luce la fuerza 2024\/2025! Este jersey, simboliza la historia y el poder del Arsenal en cada temporada. Perfecto para los verdaderos hinchas que quieren llevar los colores del Emirates Stadium con orgullo y apoyar a su equipo en cada batalla.<br \/>\nEn nuestra tienda, no solo te ofrecemos esta incre\u00edble prenda, sino que tambi\u00e9n conseguimos cualquier jersey de cualquier equipo o selecci\u00f3n nacional de f\u00fatbol soccer, de cualquier liga y cualquier jugador.<br \/>\nAdem\u00e1s, podemos personalizar tu jersey con el nombre y n\u00famero que desees, para que lleves tu pasi\u00f3n por el f\u00fatbol de manera \u00fanica y exclusiva.<br \/>\nDisponemos de tallas para hombre, mujer y ni\u00f1os, \u00a1as\u00ed que toda la familia puede unirse a los Gunners con la mejor indumentaria! \u00a1No te quedes sin el tuyo y demuestra tu amor por el Arsenal con estilo y orgullo en cada partido!<\/p>\n","protected":false},"excerpt":{"rendered":"<div class=\"ui-pdp-container__row ui-pdp-container__row--highlighted-features-title\">\n<h2 class=\"ui-vpp-text-alignment--left ui-pdp-color--BLACK ui-pdp-size--XSMALL ui-pdp-family--SEMIBOLD highlighted-features-title\">Lo que tienes que saber de este producto<\/h2>\n<\/div>\n<div class=\"ui-pdp-container__row ui-pdp-container__row--highlighted-features\">\n<div class=\"ui-vpp-highlighted-specs__features\">\n<ul class=\"ui-vpp-highlighted-specs__features-list\">\n<li class=\"ui-vpp-highlighted-specs__features-list-item ui-pdp-color--BLACK ui-pdp-size--XSMALL ui-pdp-family--REGULAR\">Edici\u00f3n especial de la camiseta: Premier league<\/li>\n<li class=\"ui-vpp-highlighted-specs__features-list-item ui-pdp-color--BLACK ui-pdp-size--XSMALL ui-pdp-family--REGULAR\">Detalles<\/li>\n<li class=\"ui-vpp-highlighted-specs__features-list-item ui-pdp-color--BLACK ui-pdp-size--XSMALL ui-pdp-family--REGULAR\">. Corte ajustado<\/li>\n<li class=\"ui-vpp-highlighted-specs__features-list-item ui-pdp-color--BLACK ui-pdp-size--XSMALL ui-pdp-family--REGULAR\">. Cuello redondo<\/li>\n<li>. Material Principal: 100% Poli\u00e9ster<\/li>\n<li>. AEROREADY<\/li>\n<li>. Escudo cosido del Arsenal<\/li>\n<\/ul>\n<\/div>\n<\/div>\n","protected":false},"featured_media":1616,"comment_status":"open","ping_status":"closed","template":"","meta":[],"etheme_brands":[],"product_brand":[],"product_cat":[40],"product_tag":[],"class_list":{"0":"post-1615","1":"product","2":"type-product","3":"status-publish","4":"has-post-thumbnail","6":"product_cat-playera-futbol","8":"first","9":"outofstock","10":"shipping-taxable","11":"product-type-simple"},"yoast_head":"<!-- This site is optimized with the Yoast SEO Premium plugin v23.4 (Yoast SEO v23.4) - https:\/\/yoast.com\/wordpress\/plugins\/seo\/ -->\n<title>Playera Manchester - PowerMode<\/title>\n<meta name=\"robots\" content=\"index, follow, max-snippet:-1, max-image-preview:large, max-video-preview:-1\" \/>\n<link rel=\"canonical\" href=\"https:\/\/powermode.bcardmexico.com\/?product=playera-manchester\" \/>\n<meta property=\"og:locale\" content=\"es_MX\" \/>\n<meta property=\"og:type\" content=\"article\" \/>\n<meta property=\"og:title\" content=\"Playera Manchester\" \/>\n<meta property=\"og:description\" content=\"Lo que tienes que saber de este producto      Edici\u00f3n especial de la camiseta: Premier league  Detalles  . Corte ajustado  . Cuello redondo  . Material Principal: 100% Poli\u00e9ster  . AEROREADY  . Escudo cosido del Arsenal\" \/>\n<meta property=\"og:url\" content=\"https:\/\/powermode.bcardmexico.com\/?product=playera-manchester\" \/>\n<meta property=\"og:site_name\" content=\"PowerMode\" \/>\n<meta property=\"article:modified_time\" content=\"2026-05-12T18:45:53+00:00\" \/>\n<meta property=\"og:image\" content=\"https:\/\/powermode.bcardmexico.com\/wp-content\/uploads\/2026\/05\/Manchester-3.jpg\" \/>\n\t<meta property=\"og:image:width\" content=\"1080\" \/>\n\t<meta property=\"og:image:height\" content=\"1080\" \/>\n\t<meta property=\"og:image:type\" content=\"image\/jpeg\" \/>\n<meta name=\"twitter:card\" content=\"summary_large_image\" \/>\n<meta name=\"twitter:label1\" content=\"Tiempo de lectura\" \/>\n\t<meta name=\"twitter:data1\" content=\"1 minuto\" \/>\n<script type=\"application\/ld+json\" class=\"yoast-schema-graph\">{\"@context\":\"https:\/\/schema.org\",\"@graph\":[{\"@type\":\"WebPage\",\"@id\":\"https:\/\/powermode.bcardmexico.com\/?product=playera-manchester\",\"url\":\"https:\/\/powermode.bcardmexico.com\/?product=playera-manchester\",\"name\":\"Playera Manchester - PowerMode\",\"isPartOf\":{\"@id\":\"https:\/\/powermode.bcardmexico.com\/#website\"},\"primaryImageOfPage\":{\"@id\":\"https:\/\/powermode.bcardmexico.com\/?product=playera-manchester#primaryimage\"},\"image\":{\"@id\":\"https:\/\/powermode.bcardmexico.com\/?product=playera-manchester#primaryimage\"},\"thumbnailUrl\":\"https:\/\/powermode.bcardmexico.com\/wp-content\/uploads\/2026\/05\/Manchester-3.jpg\",\"datePublished\":\"2026-05-11T16:41:16+00:00\",\"dateModified\":\"2026-05-12T18:45:53+00:00\",\"breadcrumb\":{\"@id\":\"https:\/\/powermode.bcardmexico.com\/?product=playera-manchester#breadcrumb\"},\"inLanguage\":\"es\",\"potentialAction\":[{\"@type\":\"ReadAction\",\"target\":[\"https:\/\/powermode.bcardmexico.com\/?product=playera-manchester\"]}]},{\"@type\":\"ImageObject\",\"inLanguage\":\"es\",\"@id\":\"https:\/\/powermode.bcardmexico.com\/?product=playera-manchester#primaryimage\",\"url\":\"https:\/\/powermode.bcardmexico.com\/wp-content\/uploads\/2026\/05\/Manchester-3.jpg\",\"contentUrl\":\"https:\/\/powermode.bcardmexico.com\/wp-content\/uploads\/2026\/05\/Manchester-3.jpg\",\"width\":1080,\"height\":1080},{\"@type\":\"BreadcrumbList\",\"@id\":\"https:\/\/powermode.bcardmexico.com\/?product=playera-manchester#breadcrumb\",\"itemListElement\":[{\"@type\":\"ListItem\",\"position\":1,\"name\":\"Inicio\",\"item\":\"https:\/\/powermode.bcardmexico.com\/\"},{\"@type\":\"ListItem\",\"position\":2,\"name\":\"Shop\",\"item\":\"https:\/\/powermode.bcardmexico.com\/?page_id=6\"},{\"@type\":\"ListItem\",\"position\":3,\"name\":\"Playera Manchester\"}]},{\"@type\":\"WebSite\",\"@id\":\"https:\/\/powermode.bcardmexico.com\/#website\",\"url\":\"https:\/\/powermode.bcardmexico.com\/\",\"name\":\"Power Mode\",\"description\":\"\",\"publisher\":{\"@id\":\"https:\/\/powermode.bcardmexico.com\/#organization\"},\"potentialAction\":[{\"@type\":\"SearchAction\",\"target\":{\"@type\":\"EntryPoint\",\"urlTemplate\":\"https:\/\/powermode.bcardmexico.com\/?s={search_term_string}\"},\"query-input\":{\"@type\":\"PropertyValueSpecification\",\"valueRequired\":true,\"valueName\":\"search_term_string\"}}],\"inLanguage\":\"es\"},{\"@type\":\"Organization\",\"@id\":\"https:\/\/powermode.bcardmexico.com\/#organization\",\"name\":\"Power Mode\",\"url\":\"https:\/\/powermode.bcardmexico.com\/\",\"logo\":{\"@type\":\"ImageObject\",\"inLanguage\":\"es\",\"@id\":\"https:\/\/powermode.bcardmexico.com\/#\/schema\/logo\/image\/\",\"url\":\"https:\/\/powermode.bcardmexico.com\/wp-content\/uploads\/2021\/08\/Logo.png\",\"contentUrl\":\"https:\/\/powermode.bcardmexico.com\/wp-content\/uploads\/2021\/08\/Logo.png\",\"width\":231,\"height\":49,\"caption\":\"Power Mode\"},\"image\":{\"@id\":\"https:\/\/powermode.bcardmexico.com\/#\/schema\/logo\/image\/\"}}]}<\/script>\n<!-- \/ Yoast SEO Premium plugin. -->","yoast_head_json":{"title":"Playera Manchester - PowerMode","robots":{"index":"index","follow":"follow","max-snippet":"max-snippet:-1","max-image-preview":"max-image-preview:large","max-video-preview":"max-video-preview:-1"},"canonical":"https:\/\/powermode.bcardmexico.com\/?product=playera-manchester","og_locale":"es_MX","og_type":"article","og_title":"Playera Manchester","og_description":"Lo que tienes que saber de este producto      Edici\u00f3n especial de la camiseta: Premier league  Detalles  . Corte ajustado  . Cuello redondo  . Material Principal: 100% Poli\u00e9ster  . AEROREADY  . Escudo cosido del Arsenal","og_url":"https:\/\/powermode.bcardmexico.com\/?product=playera-manchester","og_site_name":"PowerMode","article_modified_time":"2026-05-12T18:45:53+00:00","og_image":[{"width":1080,"height":1080,"url":"https:\/\/powermode.bcardmexico.com\/wp-content\/uploads\/2026\/05\/Manchester-3.jpg","type":"image\/jpeg"}],"twitter_card":"summary_large_image","twitter_misc":{"Tiempo de lectura":"1 minuto"},"schema":{"@context":"https:\/\/schema.org","@graph":[{"@type":"WebPage","@id":"https:\/\/powermode.bcardmexico.com\/?product=playera-manchester","url":"https:\/\/powermode.bcardmexico.com\/?product=playera-manchester","name":"Playera Manchester - PowerMode","isPartOf":{"@id":"https:\/\/powermode.bcardmexico.com\/#website"},"primaryImageOfPage":{"@id":"https:\/\/powermode.bcardmexico.com\/?product=playera-manchester#primaryimage"},"image":{"@id":"https:\/\/powermode.bcardmexico.com\/?product=playera-manchester#primaryimage"},"thumbnailUrl":"https:\/\/powermode.bcardmexico.com\/wp-content\/uploads\/2026\/05\/Manchester-3.jpg","datePublished":"2026-05-11T16:41:16+00:00","dateModified":"2026-05-12T18:45:53+00:00","breadcrumb":{"@id":"https:\/\/powermode.bcardmexico.com\/?product=playera-manchester#breadcrumb"},"inLanguage":"es","potentialAction":[{"@type":"ReadAction","target":["https:\/\/powermode.bcardmexico.com\/?product=playera-manchester"]}]},{"@type":"ImageObject","inLanguage":"es","@id":"https:\/\/powermode.bcardmexico.com\/?product=playera-manchester#primaryimage","url":"https:\/\/powermode.bcardmexico.com\/wp-content\/uploads\/2026\/05\/Manchester-3.jpg","contentUrl":"https:\/\/powermode.bcardmexico.com\/wp-content\/uploads\/2026\/05\/Manchester-3.jpg","width":1080,"height":1080},{"@type":"BreadcrumbList","@id":"https:\/\/powermode.bcardmexico.com\/?product=playera-manchester#breadcrumb","itemListElement":[{"@type":"ListItem","position":1,"name":"Inicio","item":"https:\/\/powermode.bcardmexico.com\/"},{"@type":"ListItem","position":2,"name":"Shop","item":"https:\/\/powermode.bcardmexico.com\/?page_id=6"},{"@type":"ListItem","position":3,"name":"Playera Manchester"}]},{"@type":"WebSite","@id":"https:\/\/powermode.bcardmexico.com\/#website","url":"https:\/\/powermode.bcardmexico.com\/","name":"Power Mode","description":"","publisher":{"@id":"https:\/\/powermode.bcardmexico.com\/#organization"},"potentialAction":[{"@type":"SearchAction","target":{"@type":"EntryPoint","urlTemplate":"https:\/\/powermode.bcardmexico.com\/?s={search_term_string}"},"query-input":{"@type":"PropertyValueSpecification","valueRequired":true,"valueName":"search_term_string"}}],"inLanguage":"es"},{"@type":"Organization","@id":"https:\/\/powermode.bcardmexico.com\/#organization","name":"Power Mode","url":"https:\/\/powermode.bcardmexico.com\/","logo":{"@type":"ImageObject","inLanguage":"es","@id":"https:\/\/powermode.bcardmexico.com\/#\/schema\/logo\/image\/","url":"https:\/\/powermode.bcardmexico.com\/wp-content\/uploads\/2021\/08\/Logo.png","contentUrl":"https:\/\/powermode.bcardmexico.com\/wp-content\/uploads\/2021\/08\/Logo.png","width":231,"height":49,"caption":"Power Mode"},"image":{"@id":"https:\/\/powermode.bcardmexico.com\/#\/schema\/logo\/image\/"}}]}},"_links":{"self":[{"href":"https:\/\/powermode.bcardmexico.com\/index.php?rest_route=\/wp\/v2\/product\/1615","targetHints":{"allow":["GET"]}}],"collection":[{"href":"https:\/\/powermode.bcardmexico.com\/index.php?rest_route=\/wp\/v2\/product"}],"about":[{"href":"https:\/\/powermode.bcardmexico.com\/index.php?rest_route=\/wp\/v2\/types\/product"}],"replies":[{"embeddable":true,"href":"https:\/\/powermode.bcardmexico.com\/index.php?rest_route=%2Fwp%2Fv2%2Fcomments&post=1615"}],"version-history":[{"count":1,"href":"https:\/\/powermode.bcardmexico.com\/index.php?rest_route=\/wp\/v2\/product\/1615\/revisions"}],"predecessor-version":[{"id":1617,"href":"https:\/\/powermode.bcardmexico.com\/index.php?rest_route=\/wp\/v2\/product\/1615\/revisions\/1617"}],"wp:featuredmedia":[{"embeddable":true,"href":"https:\/\/powermode.bcardmexico.com\/index.php?rest_route=\/wp\/v2\/media\/1616"}],"wp:attachment":[{"href":"https:\/\/powermode.bcardmexico.com\/index.php?rest_route=%2Fwp%2Fv2%2Fmedia&parent=1615"}],"wp:term":[{"taxonomy":"brand","embeddable":true,"href":"https:\/\/powermode.bcardmexico.com\/index.php?rest_route=%2Fwp%2Fv2%2Fetheme_brands&post=1615"},{"taxonomy":"product_brand","embeddable":true,"href":"https:\/\/powermode.bcardmexico.com\/index.php?rest_route=%2Fwp%2Fv2%2Fproduct_brand&post=1615"},{"taxonomy":"product_cat","embeddable":true,"href":"https:\/\/powermode.bcardmexico.com\/index.php?rest_route=%2Fwp%2Fv2%2Fproduct_cat&post=1615"},{"taxonomy":"product_tag","embeddable":true,"href":"https:\/\/powermode.bcardmexico.com\/index.php?rest_route=%2Fwp%2Fv2%2Fproduct_tag&post=1615"}],"curies":[{"name":"wp","href":"https:\/\/api.w.org\/{rel}","templated":true}]}}